= 4*c - 8. Let u(t) = 15*t + r + 3 - 1 - 4. What is the units digit of u(2)?
8
Suppose i + 1903 = 16*b - 13*b, i = -2*b + 1267. What is the units digit of b?
4
Let x(r) = 612*r - 215. What is the hundreds digit of x(3)?
6
Let j(b) = -b**2 - b + 281. What is the tens digit of j(0)?
8
Let m = 694 + -79. What is the hundreds digit of m?
6
Suppose 0 = -0*g - 5*g + 25, 0 = -5*p + 2*g + 45. Let b = p + 3. What is the tens digit of b?
1
Let h(z) = -5*z**3 + 9*z**2 - 7*z - 4. Let i(a) = a**3 - a**2 + a + 1. Let g(x) = -h(x) - 6*i(x). What is the units digit of g(-5)?
3
Let p be 1/(-2 + -2) + 34/8. What is the units digit of -2*17*(-15 + -1)/p?
6
Let w = -1172 + 816. Let z = -222 - w. What is the tens digit of z?
3
Suppose -2*g + i + 2068 = 0, 17*i - 12*i = 0. What is the hundreds digit of g?
0
Suppose 2*o + 4 = 2*t - 0, t + 2*o = 14. Let f(n) = -5 - 13 - 2 + 8*n. What is the units digit of f(t)?
8
Suppose 4*a - 34 = -146. Let p = -11 - 0. Let n = p - a. What is the units digit of n?
7
Let o = -245 + 1503. What is the thousands digit of o?
1
Let z be 4/12*(-15 - (-3 + 0)). What is the units digit of (2 + 3 + z)*3?
3
Let o(q) be the first derivative of 3*q**2/2 + 3*q - 12. Let m(u) = u - 1. Let c(j) = 6*m(j) + 2*o(j). What is the units digit of c(2)?
4
Let c(v) = v**2 - 4*v + 17. Suppose -3*s + 0 + 21 = 0. What is the units digit of c(s)?
8
What is the units digit of 27015/18 + (-3)/(-18)?
1
Let w be -3*(5/(-3) + 1). Let b(o) = -4*o**2 + 7*o**w + 8*o**2. What is the units digit of b(-1)?
1
Let t = -28 - -19. Let q(r) = -4*r + 812 + 818 - 1633. What is the units digit of q(t)?
3
Let h = -564 - -1131. What is the tens digit of h?
6
Let t(y) be the first derivative of 8*y**2 - 1/3*y**3 - 5 - 15*y. What is the tens digit of t(10)?
4
Let j = -1117 + 1817. What is the hundreds digit of j?
7
Let i be (7/(-14))/((-2)/328). Suppose x + 1 = i. What is the tens digit of x?
8
Let u(h) = -18*h**3 - 11*h**2 - 7*h + 15. What is the thousands digit of u(-6)?
3
What is the hundreds digit of (4/14)/1 + 41472/84?
4
Let p = -253 + 430. What is the tens digit of p?
7
Let z(j) = -5*j - 2. Let o(i) = 8*i + 3. Suppose -q - 19 = 5*c + 3*q, 24 = -4*c - q. Let s(f) = c*z(f) - 5*o(f). What is the units digit of s(-2)?
9
Let l(x) = x**3 + 10*x**2 - 3*x - 22. Let g be l(-10). Suppose 0 = -10*b + g*b + 32. What is the units digit of b?
6
Suppose 10 = 5*w - 10. Let i = 283 + -205. Suppose w*r - i = 14. What is the units digit of r?
3
Suppose 4020 = -i + 11*i. Suppose -5*n = -2*n - i. What is the units digit of n?
4
Let l(j) = j**2 + j + 11. Let v be l(-6). Let q = v - 9. What is the tens digit of q?
3
What is the units digit of 5 - (-816)/32*(-426)/(-9)?
2
Suppose -12*x + 14*x - 14 = 0. Let w(j) = 4*j**2 - j. Let p be w(1). What is the units digit of p + (3 - (x + -4))?
3
Let b(d) = d**3 + 8*d**2 + 6*d + 1. Let t be b(-7). What is the units digit of 2/(t/116*1)?
9
Suppose 0*u - 32 = -3*d + 5*u, 0 = -3*d + 4*u + 28. Let i be (-1*1 + 26 + -16)*-1. Let m = d - i. What is the tens digit of m?
1
Let d = -101 + 116. Let p = d - -227. What is the tens digit of p?
4
Let d(y) = -4*y + 47. Let r be d(11). What is the tens digit of ((-1812)/(-3))/(r/(-6)*-4)?
0
Let i = -5 + 9. Suppose 2*q = i*a + 86, 2*a - 1 - 1 = 0. Let r = -22 + q. What is the tens digit of r?
2
Suppose -4*d + 5*g = 9, -d + 5*g - 29 + 8 = 0. Suppose 3*n + 15 = d*n. What is the tens digit of n?
1
What is the hundreds digit of (968/(-4))/(26/(-39))?
3
Let w(p) = -2*p**2 - 2*p + 2. Let y be w(-4). Let j = -17 + y. Let m = 70 + j. What is the units digit of m?
1
Let a(q) = q**2 + 2*q + 7. Let j(r) = r**2 + 8*r + 10. Suppose 3*l + 3*g = -6, -2*g = -0*l - l - 11. Let p be j(l). What is the units digit of a(p)?
2
Let s = 210 + 183. Suppose -h + 93 = 3*r - 507, 2*r + 3*h - s = 0. What is the tens digit of r?
0
Suppose 4*f - 428 = -3*x - 3, -5*f = -25. Suppose x = 4*k - 3*k. Suppose -3*i = 2*i - k. What is the tens digit of i?
2
Suppose 7*d = 1299 - 4246. Let q = -299 - d. What is the hundreds digit of q?
1
Let x(u) = 3*u**3 - 4*u**2 + 7*u - 10. What is the hundreds digit of x(4)?
1
Suppose 3*b + 20 = -2*j, 0 = -10*b + 9*b + 5*j - 35. What is the hundreds digit of 2*5/b + 216?
2
Suppose -4*t = -170 - 58. Suppose 94 = -3*k + 4*m + m, -4*m = 4. Let f = k + t. What is the units digit of f?
4
Let y(u) = u. Let s be 7/14 + (-22)/(-4). Let l be y(s). Let n = l + -2. What is the units digit of n?
4
Suppose 2*r = -3*x + 4*x - 41, r + 123 = 3*x. Let t = x + -57. Let c = t + 21. What is the units digit of c?
5
Let l = -23 + 2. Let r be (-1 + -2)/(l/28). Suppose r*y - 114 = 6. What is the units digit of y?
0
Suppose 2*s - 447 = a, 11*a - 5 = 12*a. What is the hundreds digit of s?
2
Suppose -3*h - 5*r - 125 = -h, 4*h - 4*r + 320 = 0. Let i = -37 - h. What is the tens digit of i?
3
Suppose 5*d = 3*o + 21 + 12, -2*d = 4*o - 8. What is the units digit of d?
6
Suppose -12876 - 1162 = -5*q + 3*f, -5604 = -2*q + 4*f. What is the hundreds digit of q?
8
Let h(c) = -2*c + 4*c - c**3 - 4 + 4*c - 5*c**2 + 10*c**2. Let s be h(6). What is the units digit of ((-18)/s)/((-1)/(-6))?
7
Suppose -31 = m - 217. What is the tens digit of m?
8
Let u be 0/((-2)/(-8)*4). Suppose u = -22*b + 17*b + 85. What is the units digit of b?
7
Suppose -3*s - 736 = -z + 555, -4*s = -3*z + 3873. What is the hundreds digit of z?
2
Suppose 25*u = -18*u + 18189. What is the tens digit of u?
2
Suppose o = -2*b - 1 - 3, -5*o + b = -2. Suppose o = -u + 5*f + 102 - 1, -2*u + 178 = -4*f. What is the tens digit of u?
8
Let a = -9 - -15. Suppose a = -2*s + 4*s. What is the tens digit of (9 + -2)*4 - s?
2
What is the hundreds digit of 30*(6 - (1239/14)/(-1))?
8
Suppose 5*z + 158*j - 10352 = 156*j, -4137 = -2*z + 3*j. What is the thousands digit of z?
2
Let w = -63 + 30. Let y = 54 + w. What is the units digit of y?
1
What is the units digit of ((-26)/(-117) - (-21458)/(-90))*-10?
2
Let i be (-2)/9 - 616/(-99). Let k = 8 - i. Suppose 2*q + v = -3*v + 22, k*q - 4 = 2*v. What is the units digit of q?
5
Suppose 190 = j - 5*n, -4*j - 82 + 952 = 2*n. What is the units digit of j?
5
Suppose 0 = -4*a - 17*i + 22*i + 1163, 0 = a + 5*i - 297. What is the tens digit of a?
9
What is the thousands digit of (-10876)/(-10) + (-532)/70 + 8?
1
Suppose -5*l - 7*a + 10*a = -5425, -2*a - 3256 = -3*l. What is the hundreds digit of l?
0
Suppose 3*o - 28 - 86 = 0. Suppose 4*p = -2*f + 46, 6*p - 4*f = 4*p + o. What is the tens digit of p?
1
Let n(f) = 89*f + 14. What is the hundreds digit of n(7)?
6
Let v = -19 - -588. What is the units digit of v?
9
Let t(j) = -56*j**2 + 2*j - 2. Let p(m) = 113*m**2 - 3*m + 3. Let r(c) = 4*p(c) + 7*t(c). Let v be r(-2). Suppose v = 5*f + 69. What is the tens digit of f?
3
Suppose 3*n - 18 = -4*w, 0 = -2*n - 7*w + 2*w + 12. Suppose 0 = 16*g - 15*g - n. What is the units digit of g?
6
Let h be 2*3/(-6) + 14. Let b = 15 - h. Suppose 0 = -b*j + 37 + 29. What is the tens digit of j?
3
Let d(a) = a**3 + 50. Let h = -24 + 24. What is the units digit of d(h)?
0
Let f = -1 - -9. Let m(x) = -x + 1. Let u(r) = -10*r - 6. Let h(w) = 2*m(w) - u(w). What is the units digit of h(f)?
2
What is the units digit of 4/(-3)*(-38 - 541)?
2
Let j(z) = -z**3 - 23*z**2 - 22*z + 26. Let a be 141/(-6) - (-9)/6. What is the tens digit of j(a)?
2
Let d(k) = 442*k**2 + 3*k + 3. What is the units digit of d(-1)?
2
Let d be (-11)/22 - (-6)/(-4). Let s be 489/6 - (-1)/d. Suppose -4*i + s = -i. What is the tens digit of i?
2
Let o be (-31 - (-2 - -1))*(-13 + 12). What is the units digit of o - (4/(-14))/(9/(-63))?
8
Let h(v) = -22*v**2 + 5*v + 6. Let k(d) = 21*d**2 - 4*d - 5. Let r(p) = 4*h(p) + 5*k(p). Let t be r(1). Suppose 5*s - 4 = t. What is the units digit of s?
4
Let u be -18*3/(-12) - (-2)/(-4). Suppose -u*l = t - 6, 4*t + l = 2*l + 7. What is the units digit of t?
2
Suppose 4*x + 15 = -x + 3*o, 2*x + o + 17 = 0. What is the units digit of 1198/9 + x/162*3?
3
Let t be -1 - (0 - (-21)/(-3)). Suppose 3*g + t = 0, 0 = l - 3*l - 5*g + 84. Suppose -2*o + 5*p = -l, 2*o + 6*p = 3*p + 71. What is the tens digit of o?
3
Let q(n) = -13*n**3 + 2*n**2 + 4*n + 2. Suppose -4*u + 9 - 17 = 0. What is the hundreds digit of q(u)?
1
Let g(o) be the first derivative of -39*o**2/2 - 5*o - 13. What is the tens digit of g(-2)?